f 56321?
False
Is 21306 a multiple of 102?
False
Is 5 a factor of 4725?
True
Is 4 a factor of 337?
False
Is 5720 a multiple of 13?
True
Is 2344 a multiple of 8?
True
Is 5 a factor of 290?
True
Does 9 divide 234?
True
Is 106277 a multiple of 50?
False
Is 9 a factor of 351?
True
Is 15 a factor of 713?
False
Is 68 a factor of 2244?
True
Is 352 a multiple of 16?
True
Is 240 a multiple of 12?
True
Is 88 even?
True
Is 21412 a multiple of 53?
True
Is 3627 a multiple of 2?
False
Does 3 divide 504?
True
Is 8 a factor of 9120?
True
Is 79 a factor of 5767?
True
Is 1274 a multiple of 28?
False
Does 19 divide 9253?
True
Is 67 a factor of 561?
False
Is 2407 a multiple of 23?
False
Is 2694 a multiple of 30?
False
Is 15560 a multiple of 3?
False
Does 28 divide 18662?
False
Is 136 even?
True
Is 13 a factor of 1486?
False
Does 8 divide 296?
True
Is 2396 a multiple of 55?
False
Is 10 a factor of 2330?
True
Is 3 a factor of 9639?
True
Is 25 a factor of 709?
False
Is 12 a factor of 216?
True
Does 50 divide 1200?
True
Is 103 a factor of 1217?
False
Is 18 a factor of 71204?
False
Does 5 divide 245?
True
Is 13 a factor of 637?
True
Does 54 divide 8262?
True
Is 85 a multiple of 2?
False
Does 19 divide 5144?
False
Is 12 a factor of 15290?
False
Is 8 a factor of 26851?
False
Is 2829 a multiple of 48?
False
Does 51 divide 176?
False
Does 8 divide 43584?
True
Does 15 divide 17475?
True
Does 23 divide 1334?
True
Is 174 a multiple of 6?
True
Is 20 a factor of 3018?
False
Is 4747 a multiple of 47?
True
Is 11 a factor of 323?
False
Is 8 a factor of 480?
True
Is 4073 a multiple of 52?
False
Does 10 divide 16988?
False
Is 331 a multiple of 3?
False
Does 103 divide 1442?
True
Is 930 a multiple of 15?
True
Is 66 a factor of 1188?
True
Is 12 a factor of 37860?
True
Is 31049 a multiple of 61?
True
Is 108992 a multiple of 32?
True
Does 280 divide 32760?
True
Is 9 a factor of 5092?
False
Is 54 a factor of 1782?
True
Does 54 divide 22626?
True
Is 4768 a multiple of 42?
False
Is 8341 a multiple of 31?
False
Does 174 divide 1044?
True
Is 11 a factor of 899?
False
Is 12400 a multiple of 100?
True
Does 13 divide 179?
False
Is 46 a factor of 690?
True
Does 8 divide 8120?
True
Does 28 divide 3620?
False
Does 4 divide 3196?
True
Does 6 divide 542?
False
Does 138 divide 91494?
True
Is 21 a factor of 35889?
True
Is 4104 a multiple of 6?
True
Is 30471 a multiple of 368?
False
Is 158 a factor of 23700?
True
Is 718 a multiple of 44?
False
Is 31 a factor of 5456?
True
Is 60 a factor of 1680?
True
Does 5 divide 270?
True
Is 167 a factor of 17132?
False
Is 354 a factor of 1684?
False
Is 408 a multiple of 4?
True
Is 9468 a multiple of 9?
True
Is 8450 a multiple of 5?
True
Is 1562 a multiple of 9?
False
Is 116 a multiple of 58?
True
Does 58 divide 754?
True
Is 42 a factor of 8778?
True
Is 44 a factor of 2112?
True
Is 285 a multiple of 4?
False
Is 25 a multiple of 2?
False
Is 63 even?
False
Is 25 a factor of 19925?
True
Is 78 a multiple of 26?
True
Does 9 divide 13082?
False
Does 23 divide 3357?
False
Is 438 a multiple of 129?
False
Is 665 a multiple of 7?
True
Does 16 divide 500?
False
Does 94 divide 27594?
False
Is 515 a multiple of 149?
False
Does 63 divide 207?
False
Does 52 divide 3492?
False
Is 58 a factor of 3828?
True
Is 10 a factor of 140?
True
Is 234 a factor of 22464?
True
Is 1509 a multiple of 6?
False
Is 6 a factor of 1290?
True
Is 5 a factor of 195?
True
Does 3 divide 14055?
True
Is 45 a factor of 4235?
False
Is 13 a factor of 35830?
False
Does 65 divide 1217?
False
Is 35 a factor of 699?
False
Is 10 a factor of 1290?
True
Is 1049 a multiple of 32?
False
Is 3 a factor of 299?
False
Is 10164 a multiple of 14?
True
Is 46577 a multiple of 11?
False
Does 22 divide 299?
False
Is 13 a factor of 1495?
True
Is 40124 a multiple of 28?
True
Is 380 a multiple of 26?
False
Does 62 divide 805?
False
Is 6 a factor of 8816?
False
Does 160 divide 14560?
True
Is 6 a factor of 576?
True
Does 3 divide 16883?
False
Is 19 a factor of 19551?
True
Is 23 a factor of 7912?
True
Is 662 a multiple of 15?
False
Is 2959 a multiple of 11?
True
Is 2 a factor of 288?
True
Is 3666 a multiple of 39?
True
Is 88 a factor of 440?
True
Does 18 divide 136080?
True
Does 14 divide 644?
True
Does 37 divide 23320?
False
Is 37 a factor of 7006?
False
Does 42 divide 1039?
False
Does 2 divide 354?
True
Does 48 divide 829?
False
Is 256 a multiple of 12?
False
Is 11 a factor of 5370?
False
Is 9352 a multiple of 21?
False
Is 3390 a multiple of 192?
False
Is 7 a factor of 938?
True
Does 35 divide 1330?
True
Is 6882 a multiple of 60?
False
Is 14 a factor of 2489?
False
Does 8 divide 1152?
True
Does 32 divide 1152?
True
Is 1992 a multiple of 102?
False
Is 7 a factor of 101?
False
Is 36 a factor of 20448?
True
Does 8 divide 1682?
False
Does 19 divide 760?
True
Is 29 a factor of 478?
False
Does 9 divide 21835?
False
Does 56 divide 13975?
False
Does 18 divide 1008?
True
Is 943 a multiple of 27?
False
Is 2 even?
True
Is 3530 a multiple of 18?
False
Is 18 a factor of 33872?
False
Is 10 a factor of 477?
False
Does 14 divide 80?
False
Is 38484 a multiple of 12?
True
Is 19 a factor of 45100?
False
Is 3 a factor of 282?
True
Is 11 a factor of 52418?
False
Is 44 a factor of 471?
False
Is 20 a factor of 249?
False
Is 5 a factor of 470?
True
Is 28 a factor of 17836?
True
Is 1248 a multiple of 12?
True
Does 15 divide 20445?
True
Is 3094 a multiple of 13?
True
Does 13 divide 1608?
False
Is 660 a multiple of 66?
True
Is 1884 a multiple of 100?
False
Does 13 divide 17319?
False
Does 25 divide 650?
True
Is 3528 a multiple of 12?
True
Does 33 divide 165?
True
Is 1579 a multiple of 94?
False
Is 10626 a multiple of 66?
True
Does 105 divide 12995?
False
Is 46 a factor of 469?
False
Does 53 divide 200?
False
Does 16 divide 4928?
True
Is 29 a factor of 7192?
True
Is 803 a multiple of 9?
False
Is 1277 a multiple of 58?
False
Is 50 a factor of 18450?
True
Is 3 a factor of 1225?
False
Does 5 divide 312?
False
Is 324 a multiple of 81?
True
Is 21 a factor of 27006?
True
Is 47071 a multiple of 103?
True
Is 9 a factor of 297?
True
Is 3990 a multiple of 99?
False
Does 6 divide 1140?
True
Does 50 divide 10150?
True
Is 45 a factor of 225?
True
Does 7 divide 26602?
False
Is 17784 a multiple of 19?
True
Does 6 divide 44?
False
Is 40 a factor of 886?
False
Is 48440 a multiple of 48?
False
Is 5 a factor of 29070?
True
Does 37 divide 1295?
True
Is 30 a factor of 1463?
False
Is 19 a factor of 5130?
True
Does 5 divide 120?
True
Is 41 a factor of 12751?
True
Does 22 divide 40084?
True
Is 352 a multiple of 32?
True
Is 61 a factor of 87?
False
Does 27 divide 4710?
False
Is 3337 a multiple of 9?
False
Is 7 a factor of 21651?
True
Does 17 divide 1608?
False
Is 42 a factor of 132?
False
Is 11 a factor of 682?
True
Does 34 divide 2852?
False
Is 280 a multiple of 40?
True
Is 44 a factor of 15153?
False
Is 1875 a multiple of 4?
False
Does 138 divide 15042?
True
Does 26 divide 1976?
True
Is 41 a factor of 1016?
False
Is 14 a factor of 4032?
True
Does 5 divide 653?
False
Is 45 a factor of 5609?
False
Is 6086 a multiple of 7?
False
Is 1240 a multiple of 5?
True
Is 140 a multiple of 14?
True
Is 229 a multiple of 27?
False
Is 8 a factor of 608?
True
Is 4 a factor of 776?
True
Does 42 divide 632?
False
Is 16128 a multiple of 27?
False
Is 3344 a multiple of 29?
False
Is 139 a factor of 26818?
False
Is 34 a factor of 9396?
False
Is 100786 a multiple of 46?
True
Is 1991 a multiple of 11?
True
Is 96 a factor of 1012?
False
Does 55 divide 12879?
False
Is 21 a factor of 39459?
True
Is 33 a factor of 9603?
True
Is 4367 a multiple of 90?
False
Is 36673 a multiple of 108?
False
Does 9 divide 22004?
False
Does 60 divide 4162?
False
Is 54 a factor of 2592?
True
Is 11262 a multiple of 9?
False
Is 6 a factor of 4922?
False
Is 16 a factor of 458?
False
Does 3 divide 2891?
False
Is 3013 a multiple of 131?
True
Is 93637 a multiple of 15?
False
Is 27 a factor of 12609?
True
Is 25 a factor of 775?
True
Is 19288 a multiple of 4?
True
Does 42 divide 1890?
True
Does 14 divide 1518?
False
Is 15 a factor of 12961?
False
Is 21 a multiple of 3?
True
Does 9 divide 123?
False
Is 13 a factor of 2006?
False
Is 313 a factor of 57098?
False
Does 67 divide 23048?
True
Does 69 divide 10384?
False
Does 122 divide 2416?
Fa